 is the thousands digit of 1484833296?
3
What is the billions digit of 4421950366?
4
What is the units digit of 1204701308?
8
What is the billions digit of 8459919245?
8
What is the ten millions digit of 251751122?
5
What is the thousands digit of 246028406?
8
What is the ten millions digit of 59194167?
5
What is the ten millions digit of 1635202392?
3
What is the thousands digit of 22529414?
9
What is the ten millions digit of 56773413?
5
What is the thousands digit of 973940600?
0
What is the hundred thousands digit of 2037833604?
8
What is the hundred thousands digit of 1144779137?
7
What is the units digit of 21741772?
2
What is the ten millions digit of 38701153?
3
What is the ten thousands digit of 19854007?
5
What is the tens digit of 116111528?
2
What is the hundreds digit of 176669246?
2
What is the units digit of 1722583093?
3
What is the ten millions digit of 511082696?
1
What is the hundred millions digit of 469031990?
4
What is the hundreds digit of 97871130?
1
What is the ten thousands digit of 192485796?
8
What is the hundred thousands digit of 85559332?
5
What is the millions digit of 65851793?
5
What is the thousands digit of 256753601?
3
What is the ten thousands digit of 8575469?
7
What is the tens digit of 2647556180?
8
What is the thousands digit of 49096177?
6
What is the units digit of 1331060631?
1
What is the hundred millions digit of 104188224?
1
What is the millions digit of 65447941?
5
What is the ten millions digit of 1260598202?
6
What is the hundreds digit of 41531610?
6
What is the ten thousands digit of 124379521?
7
What is the thousands digit of 1057777599?
7
What is the units digit of 235150569?
9
What is the units digit of 70011505?
5
What is the tens digit of 397337858?
5
What is the hundred thousands digit of 332968039?
9
What is the millions digit of 22878812?
2
What is the ten millions digit of 132823244?
3
What is the ten millions digit of 18415211?
1
What is the thousands digit of 24324174?
4
What is the thousands digit of 237790892?
0
What is the units digit of 45799600?
0
What is the millions digit of 14339409?
4
What is the ten thousands digit of 6942974?
4
What is the hundred thousands digit of 11037378?
0
What is the hundreds digit of 2384876621?
6
What is the thousands digit of 162854085?
4
What is the thousands digit of 200020800?
0
What is the millions digit of 3627214401?
7
What is the billions digit of 8728789152?
8
What is the hundreds digit of 2247018160?
1
What is the ten thousands digit of 458807379?
0
What is the hundreds digit of 398070522?
5
What is the thousands digit of 3150835124?
5
What is the units digit of 206034832?
2
What is the ten thousands digit of 1238948158?
4
What is the hundred thousands digit of 608074173?
0
What is the units digit of 1652872296?
6
What is the hundred millions digit of 366633806?
3
What is the hundred millions digit of 323977004?
3
What is the millions digit of 4888177944?
8
What is the hundred thousands digit of 76959912?
9
What is the tens digit of 176623202?
0
What is the tens digit of 235433873?
7
What is the ten thousands digit of 177480919?
8
What is the thousands digit of 341042224?
2
What is the hundred thousands digit of 538991835?
9
What is the thousands digit of 647417763?
7
What is the hundred thousands digit of 77882836?
8
What is the billions digit of 1399747928?
1
What is the thousands digit of 39046658?
6
What is the thousands digit of 103256437?
6
What is the tens digit of 4965404278?
7
What is the hundred thousands digit of 110240626?
2
What is the hundreds digit of 3588161443?
4
What is the ten thousands digit of 1659707575?
0
What is the units digit of 6099988?
8
What is the millions digit of 13601327?
3
What is the hundreds digit of 144549584?
5
What is the ten millions digit of 50865177?
5
What is the units digit of 2078080446?
6
What is the ten thousands digit of 413845786?
4
What is the ten millions digit of 333302639?
3
What is the ten thousands digit of 3993478568?
7
What is the hundreds digit of 1553139277?
2
What is the tens digit of 1612411848?
4
What is the thousands digit of 4220734964?
4
What is the ten thousands digit of 1881826926?
2
What is the millions digit of 64705957?
4
What is the hundred thousands digit of 842493?
8
What is the units digit of 72267233?
3
What is the thousands digit of 293461667?
1
What is the millions digit of 45806056?
5
What is the thousands digit of 5215976610?
6
What is the units digit of 406861568?
8
What is the hundred millions digit of 1584169368?
5
What is the units digit of 2831036024?
4
What is the thousands digit of 9095915?
5
What is the hundreds digit of 759114585?
5
What is the tens digit of 5110566869?
6
What is the tens digit of 53540556?
5
What is the thousands digit of 2472842162?
2
What is the millions digit of 17526986?
7
What is the tens digit of 42965161?
6
What is the ten millions digit of 108082263?
0
What is the hundred millions digit of 203872037?
2
What is the units digit of 189957711?
1
What is the thousands digit of 5330928154?
8
What is the millions digit of 445826321?
5
What is the tens digit of 3785327682?
8
What is the ten thousands digit of 3203161257?
6
What is the millions digit of 5830573?
5
What is the hundreds digit of 710331236?
2
What is the millions digit of 16078820?
6
What is the millions digit of 441970240?
1
What is the ten millions digit of 4443075782?
4
What is the millions digit of 18679261?
8
What is the millions digit of 6781027972?
1
What is the ten millions digit of 56580333?
5
What is the tens digit of 281726048?
4
What is the hundred thousands digit of 15493612?
4
What is the ten millions digit of 433224589?
3
What is the hundred thousands digit of 55155304?
1
What is the hundred thousands digit of 12729108?
7
What is the thousands digit of 31969598?
9
What is the hundred thousands digit of 33162378?
1
What is the hundred millions digit of 1709968007?
7
What is the ten thousands digit of 36440961?
4
What is the millions digit of 417955246?
7
What is the units digit of 182860112?
2
What is the units digit of 4923395464?
4
What is the thousands digit of 20044629?
4
What is the millions digit of 88378226?
8
What is the hundred millions digit of 141788228?
1
What is the tens digit of 4316787698?
9
What is the thousands digit of 162984464?
4
What is the hundreds digit of 1977341929?
9
What is the hundred thousands digit of 3656855498?
8
What is the ten millions digit of 904091506?
0
What is the hundred thousands digit of 7671560?
6
What is the hundreds digit of 3218432949?
9
What is the ten thousands digit of 359055447?
5
What is the thousands digit of 18242362?
2
What is the units digit of 159853573?
3
What is the thousands digit of 162064408?
4
What is the tens digit of 46594343?
4
What is the thousands digit of 804757950?
7
What is the units digit of 62983707?
7
What is the tens digit of 1682528521?
2
What is the ten thousands digit of 7360366?
6
What is the ten thousands digit of 90157858?
5
What is the ten thousands digit of 1134998452?
9
What is the hundred thousands digit of 366404833?
4
What is the hundreds digit of 30216556?
5
What is the hundred thousands digit of 41999415?
9
What is the millions digit of 113675531?
3
What is the hundred thousands digit of 22731867?
7
What is the thousands digit of 1498605526?
5
What is the tens digit of 3349763124?
2
What is the units digit of 113265960?
0
What is the ten millions digit of 849609111?
4
What is the tens digit of 2643129895?
9
What is the hundreds digit of 169769987?
9
What is the millions digit of 1825882556?
5
What is the tens digit of 128511903?
0
What is the ten thousands digit of 68282188?
8
What is the thousands digit of 7364226134?
6
What is the units digit of 931523596?
6
What is the units digit of 421903?
3
What is the hundreds digit of 148030077?
0
What is the ten thousands digit of 238932082?
3
What is the millions digit of 9653131?
9
What is the thousands digit of 26388207?
8
What is the tens digit of 504068209?
0
What is the ten millions digit of 2288686659?
8
What is the hundred thousands digit of 258817889?
8
What is the hundreds digit of 50130819?
8
What is the units digit of 700167561?
1
What is the ten millions digit of 6006173726?
0
What is the ten millions digit o